factors of p.
5
Let t(p) be the first derivative of 28*p**2 + 4*p + 3. Let r be t(2). Suppose -o + q = -0*q - 57, 2*o - q - r = 0. What are the prime factors of o?
59
What are the prime factors of ((-7)/(-28) + (-341)/(-4))*4?
2, 3, 19
Let s(y) = 4*y**3 + y - 1. Let m be s(1). Let z be (10/(-15))/((-3)/90). List the prime factors of (z/m)/(3/9).
3, 5
Let r(d) = d**3 + 4*d**2 + 3. Let n be r(-3). Suppose -n = -5*m + m. Suppose 4*k - 2*y = k + 200, 196 = m*k - y. What are the prime factors of k?
2
Let n(r) = 10*r**2 + r - 73. List the prime factors of n(-8).
13, 43
Let b(c) = -18*c + 5*c**2 - 2*c**2 + 6*c + 12. Let t(k) = -8*k**2 + 36*k - 37. Let m(p) = -11*b(p) - 4*t(p). What are the prime factors of m(-10)?
2, 3
Let w(h) = h + 10. Let l be w(-8). Let v(y) = -2*y**2 - y + 3. Let f be v(l). Let c(g) = g**3 + 9*g**2 + 9*g - 7. What are the prime factors of c(f)?
2, 7
Let a(c) be the first derivative of c**3/3 - c**2/2 + 3. Let d be a(0). Suppose d*o + 11 = o. What are the prime factors of o?
11
Let r(l) be the second derivative of -7*l**6/720 + 13*l**5/120 - 3*l**4/4 + l. Let c(u) be the third derivative of r(u). List the prime factors of c(-7).
2, 31
Let y = 2900 - 1895. List the prime factors of y.
3, 5, 67
Suppose -3*z = 3*b - 5604, -45*b + 3*z = -50*b + 9330. What are the prime factors of b?
3, 23
Let r be -1*((-5)/(-10)*162 + 1). Let w be 1/(-3) + (-352)/6. Let g = w - r. What are the prime factors of g?
23
List the prime factors of (-2)/25 + (-44862)/(-150).
13, 23
Let m = -189 + 861. What are the prime factors of m?
2, 3, 7
Let y = -68 + 150. Suppose -3*a + 212 + y = 0. What are the prime factors of a?
2, 7
Let o = -9 - -3. Let d be -3 - 3/o*0. List the prime factors of (13/(-2))/(d/6).
13
Let c(p) = 25*p + 23. What are the prime factors of c(12)?
17, 19
Let f(m) = 56*m**2 - 2*m - 1. List the prime factors of f(3).
7, 71
Let t(o) be the third derivative of -o**5/60 - 5*o**4/24 - 2*o**3 + 7*o**2. Let p be t(-5). Let g = p - -31. What are the prime factors of g?
19
Let n be (0 - 9)/(27/(-36)). Let u = -10 + n. What are the prime factors of (3 - u)/((-3)/(-24))?
2
Suppose -p + 0*p + 6 = 0. Suppose -5*u - 29 = -119. List the prime factors of p/u*(-90)/(-2).
3, 5
Let w be ((-6)/(-14))/((-9)/(-63)). Let j be 1/(-4) + (-21)/(-4). Suppose 2*t - 48 = j*i, 3*i = -w*t - 0*i + 114. What are the prime factors of t?
2, 17
Suppose -r + 2720 - 758 = -2*l, -4*r = -2*l - 7860. List the prime factors of r.
2, 983
Let t(o) = 101*o**2 + o + 1. Suppose 4*z - 4 = -8. What are the prime factors of t(z)?
101
Suppose 2*l + 30 = 3*a + 107, -4*l = -5*a - 127. Let f be 18/a + 56/(-6). Let h = f - -34. What are the prime factors of h?
2, 3
Let z = 1616 + -1072. List the prime factors of z.
2, 17
Let q be (-110)/(-6) - 6/(-9). Let z = 783 + -756. Let o = z - q. List the prime factors of o.
2
Let u(k) = -k**3 - 5*k**2 - 2*k - 1. Let f be u(-2). Let n be 3 - -2*f/6. Suppose -3*q + 3*a - 12 + 66 = n, 4*q - 81 = a. What are the prime factors of q?
3, 7
Suppose 166 = -2*x - 54. Let f = x - -128. List the prime factors of f.
2, 3
Suppose 0 = -4*u - 2*i + 34, -6*u - i + 26 = -3*u. Suppose 10*l - 22 = u*l + 3*b, -120 = -4*l - 4*b. List the prime factors of l.
2, 7
Suppose 0 = -5*o + 5*j + 15, j - 3 = 3*o + 4*j. Let l be ((-35)/70)/((-62)/60 + 1). Suppose 5*c = p + 4, -p + c + l = -o. List the prime factors of p.
3, 7
Suppose -3*c + 599 = 2*z, -8*c = -5*c + 5*z - 593. List the prime factors of c.
3, 67
Let y = -39 + 29. What are the prime factors of 3/(24/y)*-32?
2, 5
Let v = -20 + 18. What are the prime factors of 4*(-2439)/(-60) - v/5?
163
Suppose -2*c + q = -51 + 184, -3*c - 222 = 3*q. Let m = c + 124. What are the prime factors of m?
5, 11
Suppose -6 = 3*m, 8 = -3*l - 4*m - 0. Let b(k) = 13 - k + 2 - 52*k**3 + 0*k**2 + 51*k**3 - k**2. List the prime factors of b(l).
3, 5
Suppose -25 = p - 30. Suppose p*l - 600 = -7*l. What are the prime factors of l?
2, 5
Let t(d) = d**3 + 6*d**2 - 7*d - 6. Let m be t(-6). Let n = -10 + m. List the prime factors of n.
2, 13
Let i(d) = -6*d - 18. Let a be i(-16). Suppose 0 = -0*r - 2*r - a. Let f = r - -67. List the prime factors of f.
2, 7
Let d(x) = -x**2 + 16. Suppose b + 4 = -3*i, 7 = 4*b + 5*i - 5. Let n = 8 - b. List the prime factors of d(n).
2
Let a = 570 + -310. List the prime factors of a.
2, 5, 13
Let m(l) = 6*l + 2. Let w be m(1). What are the prime factors of w*4/(8/11)?
2, 11
Let m = -1036 + 2030. List the prime factors of m/6 + (-16)/(-48).
2, 83
Suppose 0 = 88*k - 87*k - 47. What are the prime factors of k?
47
Let v(q) = -q**2 - 24*q - 35. Let h be v(-19). Suppose -4*t - 90 = -3*c + h, 3*c + 2*t = 168. What are the prime factors of c?
2, 3
Let b(d) = 3*d - 14. Let f be b(6). Suppose -3*v - 5*p - 5 = 0, 5 = 5*v - f*p - p. Suppose v = -3*l - 2*l + 70. List the prime factors of l.
2, 7
Let s be (36/(-8))/(1/(-2)). Suppose -3*g + s = -0*g. Suppose -g*b = 19 - 85. What are the prime factors of b?
2, 11
Let p = 3142 - -1822. List the prime factors of p.
2, 17, 73
Let a = 1 - 51. List the prime factors of ((-28)/(-3) - -2)*(-525)/a.
7, 17
Let d = 50 - -166. What are the prime factors of d?
2, 3
Let b(s) = 10*s**2 - 5*s - 19. Let o be b(-4). Suppose -3*h + 5*m - 383 = -37, -m - 530 = 5*h. Let x = h + o. List the prime factors of x.
2, 3
Suppose 3*q - 3*p - 27 = 0, -3*q + p = 2*p - 11. Let u(n) = 0*n + q + 5*n**2 + 2*n**2 + n**3 + 0*n**3 + 10*n. List the prime factors of u(-5).
5
Suppose -5*a - 9 + 0 = 2*q, 4*q + 3*a = -11. Let g = q - -30. List the prime factors of g.
2, 7
Suppose 2*q - 4*w = 24, 2*q + 2*w = -0*q. Suppose -14 = -3*o - 5*f - q, o = -5*f. Suppose -111 = 2*l - o*l. What are the prime factors of l?
37
Let c(p) be the third derivative of p**5/30 + 43*p**4/24 + 19*p**3/3 - 4*p**2 + 6*p. List the prime factors of c(-26).
2, 17
Let t(o) = 3*o + 16. Let k be t(8). Let z = 49 - k. What are the prime factors of z?
3
Suppose -y = 3*n + n - 20, 5*y - 5*n = 0. Let a be ((-182)/14)/(1/y). Let j = 82 + a. What are the prime factors of j?
2, 3, 5
Let n = 592 - 395. Suppose 11*j = 617 + n. What are the prime factors of j?
2, 37
Suppose -21*r + 97*r = 394212. List the prime factors of r.
3, 7, 13, 19
Let c(q) be the second derivative of q**5/20 + q**4/4 - 4*q**3/3 - 5*q**2 + 4*q. Let i be c(-5). Let z = 34 - i. List the prime factors of z.
2, 3
Let m = 2067 - 1420. List the prime factors of m.
647
Let a(n) = n**3 - 3*n - 2. Let p be a(-1). Suppose 12 + 86 = q + h, p = -2*q - 5*h + 208. What are the prime factors of q?
2, 47
Let p = 18 + -13. Let m(d) = d - 16. Let l be m(p). Let j(z) = -z**2 - 12*z + 1. What are the prime factors of j(l)?
2, 3
Suppose 3*n = -6 + 21. Suppose n*a + 0 = 10. Suppose -2*g = a*g - 52. List the prime factors of g.
13
Let h(l) = l**3 + 5*l**2 + 5*l + 9. Let m be h(-4). Let c be (-5)/(m/(-4)) + -2. Suppose 0 = -2*i + c*b + 22, -5*i = 5*b - 36 - 9. List the prime factors of i.
2, 5
Let k be 2 + 7/(-4) + 62/8. Suppose -r = 3*r - 40. Suppose y = r + k. What are the prime factors of y?
2, 3
Let a(k) = 17*k + 4. Let p(g) be the first derivative of 3*g**2 + g + 5. Let l(s) = -3*a(s) + 8*p(s). What are the prime factors of l(-6)?
2, 7
Let r be -1 + 9*(-8)/(-12). Suppose -k + 3*s = -49, 167 + 22 = r*k - s. What are the prime factors of k?
37
Let z(k) = -k**3 + 13*k**2 + 6*k + 19. Let f be (-134)/(-10) + (-2)/5. What are the prime factors of z(f)?
97
List the prime factors of (254 - -6) + (-30)/(-5).
2, 7, 19
Suppose -c - 8618 = -4*r, c + 2*c = -3*r + 6456. List the prime factors of r.
2, 3, 359
Let u = 4 - 3. Suppose u + 0 = -c. Let s = 20 - c. What are the prime factors of s?
3, 7
Let s(i) = 534*i - 12. Let q be s(1). Let c = -353 + q. What are the prime factors of c?
13
Let p = -662 - -916. What are the prime factors of p?
2, 127
Suppose 0 = -8*h + 4320 + 2072. What are the prime factors of h?
17, 47
Suppose 0*l = -3*i - l + 9, 3*i - 15 = -3*l. Let q(t) = -i*t + t**2 + 2*t**2 - t**3 - 4 - 2*t**2. List the prime factors of q(-3).
2, 19
Let d(k) = 563*k**2 - 2*k + 10. What are the prime factors of d(3)?
11, 461
Let o be ((-12)/9*9)/(-5 - -3). List the prime factors of o - 1 - 134/(-2).
2, 3
Let s(v) = v**3 - 12*v**2 + 24*v + 41. List the prime factors of s(12).
7, 47
Let g(z) = 4*z**2 - 19*z + 28. Let i be g(12). S